{"id":1320,"date":"2024-06-12T08:19:44","date_gmt":"2024-06-12T13:19:44","guid":{"rendered":"https:\/\/ecosistema360.editorialdonbosco.com.ec\/?page_id=1320"},"modified":"2024-06-14T09:50:10","modified_gmt":"2024-06-14T14:50:10","slug":"asesoria-en-gestion-escolar","status":"publish","type":"page","link":"https:\/\/ecosistema360.editorialdonbosco.com.ec\/?page_id=1320","title":{"rendered":"Asesor\u00eda en gesti\u00f3n escolar"},"content":{"rendered":"\t\t<div data-elementor-type=\"wp-page\" data-elementor-id=\"1320\" class=\"elementor elementor-1320\" data-elementor-post-type=\"page\">\n\t\t\t\t<div class=\"elementor-element elementor-element-5fade4a e-con-full e-flex e-con e-parent\" data-id=\"5fade4a\" data-element_type=\"container\" data-e-type=\"container\" data-settings=\"{&quot;background_background&quot;:&quot;classic&quot;}\">\n\t\t<div class=\"elementor-element elementor-element-d624ef1 e-flex e-con-boxed e-con e-child\" data-id=\"d624ef1\" data-element_type=\"container\" data-e-type=\"container\">\n\t\t\t\t\t<div class=\"e-con-inner\">\n\t\t<div class=\"elementor-element elementor-element-cbb45e3 e-con-full e-flex e-con e-child\" data-id=\"cbb45e3\" data-element_type=\"container\" data-e-type=\"container\">\n\t\t\t\t<div class=\"elementor-element elementor-element-659cf66 elementor-widget__width-initial elementor-widget elementor-widget-image\" data-id=\"659cf66\" data-element_type=\"widget\" data-e-type=\"widget\" data-widget_type=\"image.default\">\n\t\t\t\t<div class=\"elementor-widget-container\">\n\t\t\t\t\t\t\t\t\t\t\t\t\t\t\t<img fetchpriority=\"high\" decoding=\"async\" width=\"988\" height=\"1024\" src=\"https:\/\/ecosistema360.editorialdonbosco.com.ec\/wp-content\/uploads\/2024\/06\/ASESORAMIENTO-ESCOLAR1-988x1024.png\" class=\"attachment-large size-large wp-image-2404\" alt=\"\" srcset=\"https:\/\/ecosistema360.editorialdonbosco.com.ec\/wp-content\/uploads\/2024\/06\/ASESORAMIENTO-ESCOLAR1-988x1024.png 988w, https:\/\/ecosistema360.editorialdonbosco.com.ec\/wp-content\/uploads\/2024\/06\/ASESORAMIENTO-ESCOLAR1-290x300.png 290w, https:\/\/ecosistema360.editorialdonbosco.com.ec\/wp-content\/uploads\/2024\/06\/ASESORAMIENTO-ESCOLAR1-768x796.png 768w, https:\/\/ecosistema360.editorialdonbosco.com.ec\/wp-content\/uploads\/2024\/06\/ASESORAMIENTO-ESCOLAR1-24x24.png 24w, https:\/\/ecosistema360.editorialdonbosco.com.ec\/wp-content\/uploads\/2024\/06\/ASESORAMIENTO-ESCOLAR1-36x36.png 36w, https:\/\/ecosistema360.editorialdonbosco.com.ec\/wp-content\/uploads\/2024\/06\/ASESORAMIENTO-ESCOLAR1-46x48.png 46w, https:\/\/ecosistema360.editorialdonbosco.com.ec\/wp-content\/uploads\/2024\/06\/ASESORAMIENTO-ESCOLAR1.png 994w\" sizes=\"(max-width: 988px) 100vw, 988px\" \/>\t\t\t\t\t\t\t\t\t\t\t\t\t\t\t<\/div>\n\t\t\t\t<\/div>\n\t\t\t\t<\/div>\n\t\t<div class=\"elementor-element elementor-element-bb5673f e-con-full e-flex e-con e-child\" data-id=\"bb5673f\" data-element_type=\"container\" data-e-type=\"container\">\n\t\t<div class=\"elementor-element elementor-element-a6258bf e-flex e-con-boxed e-con e-child\" data-id=\"a6258bf\" data-element_type=\"container\" data-e-type=\"container\">\n\t\t\t\t\t<div class=\"e-con-inner\">\n\t\t\t\t<div class=\"elementor-element elementor-element-f01702c elementor-widget elementor-widget-heading\" data-id=\"f01702c\" data-element_type=\"widget\" data-e-type=\"widget\" data-widget_type=\"heading.default\">\n\t\t\t\t<div class=\"elementor-widget-container\">\n\t\t\t\t\t<h4 class=\"elementor-heading-title elementor-size-default\">\u00bfQu\u00e9 es?<\/h4>\t\t\t\t<\/div>\n\t\t\t\t<\/div>\n\t\t\t\t\t<\/div>\n\t\t\t\t<\/div>\n\t\t<div class=\"elementor-element elementor-element-4d941ae e-flex e-con-boxed e-con e-child\" data-id=\"4d941ae\" data-element_type=\"container\" data-e-type=\"container\">\n\t\t\t\t\t<div class=\"e-con-inner\">\n\t\t<div class=\"elementor-element elementor-element-df2168e e-con-full e-flex e-con e-child\" data-id=\"df2168e\" data-element_type=\"container\" data-e-type=\"container\">\n\t\t\t\t<div class=\"elementor-element elementor-element-1ae04ea elementor-widget__width-initial elementor-widget elementor-widget-image\" data-id=\"1ae04ea\" data-element_type=\"widget\" data-e-type=\"widget\" data-widget_type=\"image.default\">\n\t\t\t\t<div class=\"elementor-widget-container\">\n\t\t\t\t\t\t\t\t\t\t\t\t\t\t\t<img decoding=\"async\" src=\"https:\/\/ecosistema360.editorialdonbosco.com.ec\/wp-content\/uploads\/elementor\/thumbs\/vne-riafbyi36z4fy7ovzwel4kbyvmaft1edvwoe758ljg.png\" title=\"vne\" alt=\"vne\" loading=\"lazy\" \/>\t\t\t\t\t\t\t\t\t\t\t\t\t\t\t<\/div>\n\t\t\t\t<\/div>\n\t\t\t\t<\/div>\n\t\t<div class=\"elementor-element elementor-element-8ffe772 e-con-full e-flex e-con e-child\" data-id=\"8ffe772\" data-element_type=\"container\" data-e-type=\"container\">\n\t\t\t\t<div class=\"elementor-element elementor-element-c100806 elementor-widget elementor-widget-text-editor\" data-id=\"c100806\" data-element_type=\"widget\" data-e-type=\"widget\" data-widget_type=\"text-editor.default\">\n\t\t\t\t<div class=\"elementor-widget-container\">\n\t\t\t\t\t\t\t\t\t<p>Acompa\u00f1amiento en la planeaci\u00f3n estrat\u00e9gica institucional.<\/p>\t\t\t\t\t\t\t\t<\/div>\n\t\t\t\t<\/div>\n\t\t\t\t<\/div>\n\t\t\t\t\t<\/div>\n\t\t\t\t<\/div>\n\t\t<div class=\"elementor-element elementor-element-9fa0a7c e-flex e-con-boxed e-con e-child\" data-id=\"9fa0a7c\" data-element_type=\"container\" data-e-type=\"container\">\n\t\t\t\t\t<div class=\"e-con-inner\">\n\t\t<div class=\"elementor-element elementor-element-6a0c135 e-con-full e-flex e-con e-child\" data-id=\"6a0c135\" data-element_type=\"container\" data-e-type=\"container\">\n\t\t\t\t<div class=\"elementor-element elementor-element-70afe12 elementor-widget__width-initial elementor-widget elementor-widget-image\" data-id=\"70afe12\" data-element_type=\"widget\" data-e-type=\"widget\" data-widget_type=\"image.default\">\n\t\t\t\t<div class=\"elementor-widget-container\">\n\t\t\t\t\t\t\t\t\t\t\t\t\t\t\t<img decoding=\"async\" src=\"https:\/\/ecosistema360.editorialdonbosco.com.ec\/wp-content\/uploads\/elementor\/thumbs\/vne-riafbyi36z4fy7ovzwel4kbyvmaft1edvwoe758ljg.png\" title=\"vne\" alt=\"vne\" loading=\"lazy\" \/>\t\t\t\t\t\t\t\t\t\t\t\t\t\t\t<\/div>\n\t\t\t\t<\/div>\n\t\t\t\t<\/div>\n\t\t<div class=\"elementor-element elementor-element-a84200c e-con-full e-flex e-con e-child\" data-id=\"a84200c\" data-element_type=\"container\" data-e-type=\"container\">\n\t\t\t\t<div class=\"elementor-element elementor-element-43faab5 elementor-widget elementor-widget-text-editor\" data-id=\"43faab5\" data-element_type=\"widget\" data-e-type=\"widget\" data-widget_type=\"text-editor.default\">\n\t\t\t\t<div class=\"elementor-widget-container\">\n\t\t\t\t\t\t\t\t\t<p>Asesoramiento para mejorar la calidad educativa<\/p>\t\t\t\t\t\t\t\t<\/div>\n\t\t\t\t<\/div>\n\t\t\t\t<\/div>\n\t\t\t\t\t<\/div>\n\t\t\t\t<\/div>\n\t\t\t\t<\/div>\n\t\t\t\t\t<\/div>\n\t\t\t\t<\/div>\n\t\t\t\t<\/div>\n\t\t\t\t<\/div>\n\t\t","protected":false},"excerpt":{"rendered":"<p>\u00bfQu\u00e9 es? Acompa\u00f1amiento en la planeaci\u00f3n estrat\u00e9gica institucional. Asesoramiento para mejorar la calidad educativa<\/p>\n","protected":false},"author":1,"featured_media":0,"parent":0,"menu_order":0,"comment_status":"closed","ping_status":"closed","template":"elementor_header_footer","meta":{"site-sidebar-layout":"no-sidebar","site-content-layout":"","ast-site-content-layout":"full-width-container","site-content-style":"default","site-sidebar-style":"default","ast-global-header-display":"","ast-banner-title-visibility":"","ast-main-header-display":"","ast-hfb-above-header-display":"","ast-hfb-below-header-display":"","ast-hfb-mobile-header-display":"","site-post-title":"disabled","ast-breadcrumbs-content":"","ast-featured-img":"disabled","footer-sml-layout":"","ast-disable-related-posts":"","theme-transparent-header-meta":"","adv-header-id-meta":"","stick-header-meta":"","header-above-stick-meta":"","header-main-stick-meta":"","header-below-stick-meta":"","astra-migrate-meta-layouts":"default","ast-page-background-enabled":"default","ast-page-background-meta":{"desktop":{"background-color":"var(--ast-global-color-4)","background-image":"","background-repeat":"repeat","background-position":"center center","background-size":"auto","background-attachment":"scroll","background-type":"","background-media":"","overlay-type":"","overlay-color":"","overlay-opacity":"","overlay-gradient":""},"tablet":{"background-color":"","background-image":"","background-repeat":"repeat","background-position":"center center","background-size":"auto","background-attachment":"scroll","background-type":"","background-media":"","overlay-type":"","overlay-color":"","overlay-opacity":"","overlay-gradient":""},"mobile":{"background-color":"","background-image":"","background-repeat":"repeat","background-position":"center center","background-size":"auto","background-attachment":"scroll","background-type":"","background-media":"","overlay-type":"","overlay-color":"","overlay-opacity":"","overlay-gradient":""}},"ast-content-background-meta":{"desktop":{"background-color":"var(--ast-global-color-5)","background-image":"","background-repeat":"repeat","background-position":"center center","background-size":"auto","background-attachment":"scroll","background-type":"","background-media":"","overlay-type":"","overlay-color":"","overlay-opacity":"","overlay-gradient":""},"tablet":{"background-color":"var(--ast-global-color-5)","background-image":"","background-repeat":"repeat","background-position":"center center","background-size":"auto","background-attachment":"scroll","background-type":"","background-media":"","overlay-type":"","overlay-color":"","overlay-opacity":"","overlay-gradient":""},"mobile":{"background-color":"var(--ast-global-color-5)","background-image":"","background-repeat":"repeat","background-position":"center center","background-size":"auto","background-attachment":"scroll","background-type":"","background-media":"","overlay-type":"","overlay-color":"","overlay-opacity":"","overlay-gradient":""}},"footnotes":""},"class_list":["post-1320","page","type-page","status-publish","hentry"],"yoast_head":"<!-- This site is optimized with the Yoast SEO plugin v27.4 - https:\/\/yoast.com\/product\/yoast-seo-wordpress\/ -->\n<title>Asesor\u00eda en gesti\u00f3n escolar -<\/title>\n<meta name=\"robots\" content=\"index, follow, max-snippet:-1, max-image-preview:large, max-video-preview:-1\" \/>\n<link rel=\"canonical\" href=\"https:\/\/ecosistema360.editorialdonbosco.com.ec\/?page_id=1320\" \/>\n<meta property=\"og:locale\" content=\"es_ES\" \/>\n<meta property=\"og:type\" content=\"article\" \/>\n<meta property=\"og:title\" content=\"Asesor\u00eda en gesti\u00f3n escolar -\" \/>\n<meta property=\"og:description\" content=\"\u00bfQu\u00e9 es? Acompa\u00f1amiento en la planeaci\u00f3n estrat\u00e9gica institucional. Asesoramiento para mejorar la calidad educativa\" \/>\n<meta property=\"og:url\" content=\"https:\/\/ecosistema360.editorialdonbosco.com.ec\/?page_id=1320\" \/>\n<meta property=\"article:publisher\" content=\"https:\/\/www.facebook.com\/EditorialDonBoscoEcuador\/?locale=es_LA\" \/>\n<meta property=\"article:modified_time\" content=\"2024-06-14T14:50:10+00:00\" \/>\n<meta property=\"og:image\" content=\"https:\/\/ecosistema360.editorialdonbosco.com.ec\/wp-content\/uploads\/2024\/06\/ASESORAMIENTO-ESCOLAR1-988x1024.png\" \/>\n<meta name=\"twitter:card\" content=\"summary_large_image\" \/>\n<script type=\"application\/ld+json\" class=\"yoast-schema-graph\">{\"@context\":\"https:\\\/\\\/schema.org\",\"@graph\":[{\"@type\":\"WebPage\",\"@id\":\"https:\\\/\\\/ecosistema360.editorialdonbosco.com.ec\\\/?page_id=1320\",\"url\":\"https:\\\/\\\/ecosistema360.editorialdonbosco.com.ec\\\/?page_id=1320\",\"name\":\"Asesor\u00eda en gesti\u00f3n escolar -\",\"isPartOf\":{\"@id\":\"https:\\\/\\\/ecosistema360.editorialdonbosco.com.ec\\\/#website\"},\"primaryImageOfPage\":{\"@id\":\"https:\\\/\\\/ecosistema360.editorialdonbosco.com.ec\\\/?page_id=1320#primaryimage\"},\"image\":{\"@id\":\"https:\\\/\\\/ecosistema360.editorialdonbosco.com.ec\\\/?page_id=1320#primaryimage\"},\"thumbnailUrl\":\"https:\\\/\\\/ecosistema360.editorialdonbosco.com.ec\\\/wp-content\\\/uploads\\\/2024\\\/06\\\/ASESORAMIENTO-ESCOLAR1-988x1024.png\",\"datePublished\":\"2024-06-12T13:19:44+00:00\",\"dateModified\":\"2024-06-14T14:50:10+00:00\",\"breadcrumb\":{\"@id\":\"https:\\\/\\\/ecosistema360.editorialdonbosco.com.ec\\\/?page_id=1320#breadcrumb\"},\"inLanguage\":\"es\",\"potentialAction\":[{\"@type\":\"ReadAction\",\"target\":[\"https:\\\/\\\/ecosistema360.editorialdonbosco.com.ec\\\/?page_id=1320\"]}]},{\"@type\":\"ImageObject\",\"inLanguage\":\"es\",\"@id\":\"https:\\\/\\\/ecosistema360.editorialdonbosco.com.ec\\\/?page_id=1320#primaryimage\",\"url\":\"https:\\\/\\\/ecosistema360.editorialdonbosco.com.ec\\\/wp-content\\\/uploads\\\/2024\\\/06\\\/ASESORAMIENTO-ESCOLAR1.png\",\"contentUrl\":\"https:\\\/\\\/ecosistema360.editorialdonbosco.com.ec\\\/wp-content\\\/uploads\\\/2024\\\/06\\\/ASESORAMIENTO-ESCOLAR1.png\",\"width\":994,\"height\":1030},{\"@type\":\"BreadcrumbList\",\"@id\":\"https:\\\/\\\/ecosistema360.editorialdonbosco.com.ec\\\/?page_id=1320#breadcrumb\",\"itemListElement\":[{\"@type\":\"ListItem\",\"position\":1,\"name\":\"Portada\",\"item\":\"https:\\\/\\\/ecosistema360.editorialdonbosco.com.ec\\\/\"},{\"@type\":\"ListItem\",\"position\":2,\"name\":\"Asesor\u00eda en gesti\u00f3n escolar\"}]},{\"@type\":\"WebSite\",\"@id\":\"https:\\\/\\\/ecosistema360.editorialdonbosco.com.ec\\\/#website\",\"url\":\"https:\\\/\\\/ecosistema360.editorialdonbosco.com.ec\\\/\",\"name\":\"Ecosistema 360\",\"description\":\"\",\"publisher\":{\"@id\":\"https:\\\/\\\/ecosistema360.editorialdonbosco.com.ec\\\/#organization\"},\"potentialAction\":[{\"@type\":\"SearchAction\",\"target\":{\"@type\":\"EntryPoint\",\"urlTemplate\":\"https:\\\/\\\/ecosistema360.editorialdonbosco.com.ec\\\/?s={search_term_string}\"},\"query-input\":{\"@type\":\"PropertyValueSpecification\",\"valueRequired\":true,\"valueName\":\"search_term_string\"}}],\"inLanguage\":\"es\"},{\"@type\":\"Organization\",\"@id\":\"https:\\\/\\\/ecosistema360.editorialdonbosco.com.ec\\\/#organization\",\"name\":\"Grupo Editorial Don Bosco\",\"url\":\"https:\\\/\\\/ecosistema360.editorialdonbosco.com.ec\\\/\",\"logo\":{\"@type\":\"ImageObject\",\"inLanguage\":\"es\",\"@id\":\"https:\\\/\\\/ecosistema360.editorialdonbosco.com.ec\\\/#\\\/schema\\\/logo\\\/image\\\/\",\"url\":\"https:\\\/\\\/ecosistema360.editorialdonbosco.com.ec\\\/wp-content\\\/uploads\\\/2024\\\/06\\\/cropped-logo_edb.png\",\"contentUrl\":\"https:\\\/\\\/ecosistema360.editorialdonbosco.com.ec\\\/wp-content\\\/uploads\\\/2024\\\/06\\\/cropped-logo_edb.png\",\"width\":441,\"height\":136,\"caption\":\"Grupo Editorial Don Bosco\"},\"image\":{\"@id\":\"https:\\\/\\\/ecosistema360.editorialdonbosco.com.ec\\\/#\\\/schema\\\/logo\\\/image\\\/\"},\"sameAs\":[\"https:\\\/\\\/www.facebook.com\\\/EditorialDonBoscoEcuador\\\/?locale=es_LA\"]}]}<\/script>\n<!-- \/ Yoast SEO plugin. -->","yoast_head_json":{"title":"Asesor\u00eda en gesti\u00f3n escolar -","robots":{"index":"index","follow":"follow","max-snippet":"max-snippet:-1","max-image-preview":"max-image-preview:large","max-video-preview":"max-video-preview:-1"},"canonical":"https:\/\/ecosistema360.editorialdonbosco.com.ec\/?page_id=1320","og_locale":"es_ES","og_type":"article","og_title":"Asesor\u00eda en gesti\u00f3n escolar -","og_description":"\u00bfQu\u00e9 es? Acompa\u00f1amiento en la planeaci\u00f3n estrat\u00e9gica institucional. Asesoramiento para mejorar la calidad educativa","og_url":"https:\/\/ecosistema360.editorialdonbosco.com.ec\/?page_id=1320","article_publisher":"https:\/\/www.facebook.com\/EditorialDonBoscoEcuador\/?locale=es_LA","article_modified_time":"2024-06-14T14:50:10+00:00","og_image":[{"url":"https:\/\/ecosistema360.editorialdonbosco.com.ec\/wp-content\/uploads\/2024\/06\/ASESORAMIENTO-ESCOLAR1-988x1024.png","type":"","width":"","height":""}],"twitter_card":"summary_large_image","schema":{"@context":"https:\/\/schema.org","@graph":[{"@type":"WebPage","@id":"https:\/\/ecosistema360.editorialdonbosco.com.ec\/?page_id=1320","url":"https:\/\/ecosistema360.editorialdonbosco.com.ec\/?page_id=1320","name":"Asesor\u00eda en gesti\u00f3n escolar -","isPartOf":{"@id":"https:\/\/ecosistema360.editorialdonbosco.com.ec\/#website"},"primaryImageOfPage":{"@id":"https:\/\/ecosistema360.editorialdonbosco.com.ec\/?page_id=1320#primaryimage"},"image":{"@id":"https:\/\/ecosistema360.editorialdonbosco.com.ec\/?page_id=1320#primaryimage"},"thumbnailUrl":"https:\/\/ecosistema360.editorialdonbosco.com.ec\/wp-content\/uploads\/2024\/06\/ASESORAMIENTO-ESCOLAR1-988x1024.png","datePublished":"2024-06-12T13:19:44+00:00","dateModified":"2024-06-14T14:50:10+00:00","breadcrumb":{"@id":"https:\/\/ecosistema360.editorialdonbosco.com.ec\/?page_id=1320#breadcrumb"},"inLanguage":"es","potentialAction":[{"@type":"ReadAction","target":["https:\/\/ecosistema360.editorialdonbosco.com.ec\/?page_id=1320"]}]},{"@type":"ImageObject","inLanguage":"es","@id":"https:\/\/ecosistema360.editorialdonbosco.com.ec\/?page_id=1320#primaryimage","url":"https:\/\/ecosistema360.editorialdonbosco.com.ec\/wp-content\/uploads\/2024\/06\/ASESORAMIENTO-ESCOLAR1.png","contentUrl":"https:\/\/ecosistema360.editorialdonbosco.com.ec\/wp-content\/uploads\/2024\/06\/ASESORAMIENTO-ESCOLAR1.png","width":994,"height":1030},{"@type":"BreadcrumbList","@id":"https:\/\/ecosistema360.editorialdonbosco.com.ec\/?page_id=1320#breadcrumb","itemListElement":[{"@type":"ListItem","position":1,"name":"Portada","item":"https:\/\/ecosistema360.editorialdonbosco.com.ec\/"},{"@type":"ListItem","position":2,"name":"Asesor\u00eda en gesti\u00f3n escolar"}]},{"@type":"WebSite","@id":"https:\/\/ecosistema360.editorialdonbosco.com.ec\/#website","url":"https:\/\/ecosistema360.editorialdonbosco.com.ec\/","name":"Ecosistema 360","description":"","publisher":{"@id":"https:\/\/ecosistema360.editorialdonbosco.com.ec\/#organization"},"potentialAction":[{"@type":"SearchAction","target":{"@type":"EntryPoint","urlTemplate":"https:\/\/ecosistema360.editorialdonbosco.com.ec\/?s={search_term_string}"},"query-input":{"@type":"PropertyValueSpecification","valueRequired":true,"valueName":"search_term_string"}}],"inLanguage":"es"},{"@type":"Organization","@id":"https:\/\/ecosistema360.editorialdonbosco.com.ec\/#organization","name":"Grupo Editorial Don Bosco","url":"https:\/\/ecosistema360.editorialdonbosco.com.ec\/","logo":{"@type":"ImageObject","inLanguage":"es","@id":"https:\/\/ecosistema360.editorialdonbosco.com.ec\/#\/schema\/logo\/image\/","url":"https:\/\/ecosistema360.editorialdonbosco.com.ec\/wp-content\/uploads\/2024\/06\/cropped-logo_edb.png","contentUrl":"https:\/\/ecosistema360.editorialdonbosco.com.ec\/wp-content\/uploads\/2024\/06\/cropped-logo_edb.png","width":441,"height":136,"caption":"Grupo Editorial Don Bosco"},"image":{"@id":"https:\/\/ecosistema360.editorialdonbosco.com.ec\/#\/schema\/logo\/image\/"},"sameAs":["https:\/\/www.facebook.com\/EditorialDonBoscoEcuador\/?locale=es_LA"]}]}},"_links":{"self":[{"href":"https:\/\/ecosistema360.editorialdonbosco.com.ec\/index.php?rest_route=\/wp\/v2\/pages\/1320","targetHints":{"allow":["GET"]}}],"collection":[{"href":"https:\/\/ecosistema360.editorialdonbosco.com.ec\/index.php?rest_route=\/wp\/v2\/pages"}],"about":[{"href":"https:\/\/ecosistema360.editorialdonbosco.com.ec\/index.php?rest_route=\/wp\/v2\/types\/page"}],"author":[{"embeddable":true,"href":"https:\/\/ecosistema360.editorialdonbosco.com.ec\/index.php?rest_route=\/wp\/v2\/users\/1"}],"replies":[{"embeddable":true,"href":"https:\/\/ecosistema360.editorialdonbosco.com.ec\/index.php?rest_route=%2Fwp%2Fv2%2Fcomments&post=1320"}],"version-history":[{"count":0,"href":"https:\/\/ecosistema360.editorialdonbosco.com.ec\/index.php?rest_route=\/wp\/v2\/pages\/1320\/revisions"}],"wp:attachment":[{"href":"https:\/\/ecosistema360.editorialdonbosco.com.ec\/index.php?rest_route=%2Fwp%2Fv2%2Fmedia&parent=1320"}],"curies":[{"name":"wp","href":"https:\/\/api.w.org\/{rel}","templated":true}]}}